-14.
-4
Calculate -8 - -7 - (4 + 1 + -1).
-5
(1 - 3 - -5) + -19 + 18
2
What is the value of -2 - (3 - (1 - -1) - 1)?
-2
Evaluate (-5 - -2 - (-2 + -5)) + -2.
2
Evaluate 2 - ((-5 - -6) + 5).
-4
What is 12 + 1 + (6 - (5 - -8))?
6
Calculate 0 + 4 + (1 - (1 - -6)).
-2
(2 - 3) + 4 - 3
0
Calculate 5 - ((-1 - 0) + (0 - -1)).
5
Evaluate -1 - (1 + 3 - (-2 + 1)).
-6
1 - 1 - (6 - 0)
-6
Calculate 5 - (-1 - (3 + -6)) - -1.
4
What is 0 + -3 + 4 + -3 + -1?
-3
(-3 - -6) + 1 + -2 + -5
-3
(-3 - (-9 + 8)) + -2 + -3
-7
-1 + -2 + 2 + (-20 - -19)
-2
What is -3 + -1 + (5 - (-1 + 4))?
-2
What is 3 - (12 - 7 - (8 + -3))?
3
What is the value of (-4 - -6 - 5) + -2?
-5
What is (6 - (11 + 4)) + 8?
-1
Calculate (-8 - -5 - -2) + 0 + 6.
5
Evaluate 7 + -21 + (6 - -5).
-3
Evaluate (3 - -1) + (-6 - (3 - 4)).
-1
(6 - -7 - 5) + -5 - -1
4
Calculate -2 - 2 - (-3 - 6).
5
Calculate 39 - 29 - (-2 + 9).
3
(-1 - 2) + -3 + 10
4
What is 4 + -4 - (0 + -2 + 4)?
-2
-10 - -2 - -1 - -3
-4
(-2 - (0 + 0)) + (-25 - -27)
0
Calculate 4 + 2 - (-4 + (3 - -4)).
3
-10 + 9 + -2 + -3 + 1
-5
What is the value of 5 - (0 + 2 + 0)?
3
2 + 6 + -9 + 4
3
Evaluate (-5 - (0 + -3)) + (-4 - -2).
-4
Evaluate -14 + 15 - (9 - (6 - 5)).
-7
Evaluate -2 - (12 + 6 - 12).
-8
5 + (-1 - (-2 - 2) - 4)
4
0 + 1 - (4 - (-2 - 0))
-5
What is the value of (6 - 7) + (-2 - 0 - 0)?
-3
What is the value of (-3 - -1) + (-2 - -6)?
2
What is the value of 6 - ((7 - -2) + -3)?
0
What is the value of -17 + 5 + (-2 - -2) + 5?
-7
What is the value of -3 + 0 + 2 + (1 - 1)?
-1
Evaluate 0 + (-1 - -2) + -8 - -5.
-2
What is the value of -13 + 8 + (4 - 0)?
-1
What is 18 - 3 - 8 - -1?
8
(0 - (0 + 0)) + (8 - 13)
-5
Evaluate -3 + 7 - 6 - 0.
-2
Calculate -2 - (16 + -14 + -5).
1
What is the value of 2 + (-6 - ((-5 - 3) + 3))?
1
-10 + (-6 - -20) + -11
-7
Calculate (-1 - 0 - -1) + 2 - 1.
1
8 + (-3 - 7) + (3 - 0)
1
-6 - -2 - (-1 + -5) - 3
-1
What is 4 - 4 - (7 + -2)?
-5
What is the value of 0 + -8 + (6 - -3)?
1
Evaluate (7 + -3 + -8 - -10) + -1.
5
5 + (-1 + 1 - 5)
0
(-8 - 4 - -7) + 0
-5
Evaluate 5 - (-8 + (5 - 2) - -16).
-6
What is -2 - -1 - (87 + -87)?
-1
Calculate -5 - (7 + -12 + -6).
6
What is (-1 + -6 - -3) + 5 - -3?
4
What is the value of 0 + 0 + (5 - 3) - 0?
2
What is -1 - (-6 + (-1 - (-14 + 6)))?
-2
-8 - (5 - (26 - 12))
1
What is the value of 3 + (-6 - (-5 - (0 - 5)))?
-3
Evaluate 14 - (1 + (5 - -7)).
1
What is the value of 6 - (9 + -9) - 6?
0
5 - (-2 + (11 - 1) + -2)
-1
What is (1 - -2) + 5 + -9?
-1
Calculate 1 + -11 - (8 - (-1 - -14)).
-5
(-3 + -1 - 4) + 9
1
What is -1 + (-6 - -8 - (-2 + 2))?
1
What is (0 + 1 - 2) + (4 - 8)?
-5
-4 + 5 + 6 + -14
-7
(-2 - -1) + 5 + -114 + 99
-11
4 + (7 + -4 - 2)
5
Calculate -13 - -1 - (1 + -8).
-5
What is the value of -5 - ((-13 - 1) + 4) - 7?
-2
Evaluate -3 - (-4 - (-6 - 0)).
-5
-5 + 6 + (-2 - 1)
-2
(-8 - -15) + -3 - 6
-2
What is 1 + 5 + -2 + (-1 - 0)?
3
-6 + 0 - (13 - 7 - 6)
-6
Evaluate 5 - (-1 + 1) - 8.
-3
Evaluate 6 - (-6 - -9) - -2.
5
Evaluate 7 + -7 + 4 + -2 + 3.
5
What is the value of -4 - (-6 - 0 - (-9 + 6))?
-1
(-10 - -12) + (0 - 1) + -1
0
(4 - 10) + (19 - 8)
5
-2 + (-4 - (7 + -14))
1
Calculate -3 - -16 - (13 + -6).
6
Evaluate 2 - 9 - (4 - 11).
0
(0 - (6 + -12)) + -2
4
0 + -1 + (-9 - (-28 + 13))
5
What is 14 + -1 + (26 - 40)?
-1
What is 1 + -1 + -4 + 0 + 9?
5
What is (-8 - (-3 + 6 - 19)) + -1?
7
What is -4 + -3 + 4 - -6?
3
What is -8 + 1 - ((14 - 8) + -8)?
-5
Calculate -6 + 0 + (7 - (5 - 2)).
-2
Calculate -2 - -7 - (9 + -7 + 6).
-3
Evaluate (-1 - 5) + (-3 - (-10 - -4)).
-3
Calculate (-6 + -2 - -8) + (6 - -1).
7
Evaluate 2 - (0 + -1 + 6).
-3
What is 10 + -6 - (0 - 1)?
5
What is -3 + 4 + (0 + -1 - 2)?
-2
Evaluate -1 + (-5 - -1) - -8.
3
Evaluate 1 - (7 - 6 - 1).
1
Evaluate (-3 - 1) + (-15 - -24).
5
Evaluate 3 - (1 - (0 - (2 - 2))).
2
What is (4 - 11) + 17 - 9?
1
Evaluate 4 + 3 + -21 - -8.
-6
What is -30 + 24 + 1 + -2 + 10?
3
Evaluate -7 - (4 + 2 + -9).
-4
What is the value of -10 + 4 - (-21 - -4) - 4?
7
-1 + -7 + 0 + 4
-4
4 + -7 - (3 + -8 + -3)
5
34 + -38 + (-2 - -10)
4
Calculate -9 + 6 + 7 + -3.
1
Evaluate -8 + 4 + -6 + 16.
6
What is 5 - (-2 - (4 + -2 - 5))?
4
-7 + 13 + -24 + 9
-9
Calculate (-6 - -1) + 6 + 5 + -9.
-3
What is 6 + -10 - -2 - -5?
3
What is 2 + -6 + 6 + -1 + 0?
1
-1 - -3 - 0 - 1
1
What is the value of 74 - 67 - (0 + 16)?
-9
What is the value of 1 + (-2 - (-1 + 0)) + 3?
3
What is -4 + -1 + (-2 - -6)?
-1
Evaluate -20 + 5 + 6 - -2.
-7
What is the value of 6 - 1 - (15 - 9) - -3?
2
What is (1 + 2 - 2) + 0 - 0?
1
-2 + 14 - (124 + -112)
0
Calculate 11 + (-1 + -1 - 4).
5
Evaluate (-14 - (-12 + 2)) + (-3 - -8).
1
What is 0 - (1 - (-2 - -5))?
2
What is the value of -72 - -70 - (-8 + (-1 - -2))?
5
6 + (2 - 3) + 3 + -3
5
Evaluate 7 - 6 - (0 - 1).
2
Calculate 4 - 8 - -4 - -1.
1
Calculate (3 - 6) + (-1 - 0) + 1.
-3
Calculate 47 + -44 - (0 + 0 + 1).
2
-2 - (9 - (-7 + 14) - -5)
-9
What is the value of 0 + -4 + -13 + 9 + 0?
-8
Calculate -5 + (3 + 3 + -5 - -2).
-2
What is -18 - -22 - (-5 - -1)?
8
-3 + (-1 - (3 - 2))
-5
What is (0 - -4) + -2 + 2 + 0?
4
What is the value of (-5 + (2 - 2) - -1) + -1?
-5
-5 + (4 + -5 - -3)
-3
What is the value of -18 + 20 - (5 - 1 - 1)?
-1
What is 8 - (2 + -1 + 5)?
2
Calculate (-2 - 1) + (15 - 13).
-1
Calculate 1 + 1 + (-9 - (3 - 9)).
-1
What is 8 + -9 + 1 + 1?
1
What is 2 + (6 - 7 - (2 + 1))?
-2
-2 + (-1 - 1) + 1
-3
What is 3 + (-2 - (8 - 8)) - 7?
-6
What is the value of (2 - 9) + (5 - 2) + 1?
-3
What is the value of 2 + 6 + -10 + 7 - 8?
-3
Evaluate -4 - (-7 - (-2 - (-8 - -3))).
6
Calculate 1 - (5 - (5 + -2)) - -1.
0
Calculate 3 + -3 + (6 - 1).
5
0 + (-2 - -4) - (-16 - -16)
2
Calculate 1 + (-2 - (5 + -1)).
-5
(-5 - -3) + -1 + -3 - -1
-5
What is the value of -5 - (-11 - -11 - (7 + 1))?
3
Evaluate -4 - ((-2 - 1) + 1 + -4).
2
Calculate 173 - 174 - (0 + -6).
5
Evaluate (1 - (6 - 4)) + (2 - -2).
3
4 - -6 - (4 - -1)
5
What is the value of (3 - 8) + (2 - 8)?
-11
-4 + -2 + 0 + 8
2
What is the value of 1 + -8 - -8 - -2?
3
Evaluate 8 + (-3 - -1) + -1.
5
What is -73 - -78 - (1 + (-1 - -1))?
4
Evaluate 37 + -26 + -4 + (2 - 1).
8
What is the value of -2 + 11 + (12 - 14) + -5?
2
Evaluate 1 + (-1 + 5 - 5).
0
1 + (-9 - (0 + -5)) + 8
5
What is the value of 0 - (-6 - -11 - 7)?
2
Calculate 0 + -2 + 1 + 4.
3
Calculate 5 + 3 + (2 - 2) + -4.
4
Evaluate (3 - 7) + (3 - 1).
-2
What is the value of (21 - 19) + 3 + 0?
5
What is -7 - (-5 + 5 - 3)?
-4
-1 - (0 - -6 - (4 - 4))
-7
What is the value of 1 + -1 + (-3 - -2) + 4?
3
(13 + -25 - 1) + 11
-2
What is (-56 - -43) + 6 + 1?
-6
Calculate 1 - 9 - 7 - -13.
-2
What is (0 - (4 + 3 + -3)) + 12?
8
Evaluate -9 + 2 - -7 - 2.
-2
-1 - (-1 + 7 - (13 - 10))
-4
What is -3 - (2 + 0 + 0) - -1?
-4
What is the value of (6 - 1 - (0 - 1)) + -7?
-1
What is -1 + (3 + 1 - 10 - -6)?
-1
What is (-1 - -1 - -1) + -8 + 4?
-3
-4 + (-2 - ((-3 - 5) + 5))
-3
What is 6 + -8 + (-4 - -1)?
-5
Evaluate -3 - (-5 - 0 - -7).
-5
Evaluate 4 - (-6 + 7) - (-1 - -3).
1
7 - (1 - 1 - -3)
4
What is the value of (-10 - -11) + 9 + -16?
-6
Calculate 2 + 1 + -6 - (1 + -5).
1
Evaluate 3 - (-2 - (4 + -10)).
-1
What is the value of (-1 - (-2 + 5)) + 4?
0
Evaluate -19 - (3 - (-5 + 19)).
-8
What is 0 - (0 - (-7 - -6))?
-1
What is the value of 6 - (-1 + 7 + 2)?
-2
What is the value of (2 + -6 - -4) + 3 + -2?
1
3 - (4 - ((4 - 6) + 3))
0
What is the value of (-3 - -3) + 0 + (0 - -4)?
4
What is the value of 1 + -13 + (7 - 0)?
-5
What is the value of 2 - (9 - ((4 - 6) + 3))?
-6
Evaluate 4 - 4 - (1 - (5 - 1)).
3
What is (3 - -5 - 8) + 3?
3
What is the value of -1 + 1 + -6 + (-2 - -10)?
2
-7 - (5 - 1 - (-7 - -17))
-1
14 - (-8 + 16 + 3 + -3)
6
8 - 10 - (4 - 9)
3
What is the value of 14 + (2 - 10) + -2?
4
What is the value of -2 + (0 - (-1 + 5) - -4)?
-2
(-28 - -25) + (0 - -2) + -2
-3
What is the value of -5 - (3 + -10 + 1)?
1
Calculate 1 + (0 - (1 + -3 - -1)).
2
3 + (0 - 6) - (-2 + 1)
-2
What is the value of -4 + (6 - 12 - -8)?
-2
What is the value of 8 - (-6 - (-7 + -4))?
3
0 + (-18 - -15) + (3 - 0)
0
Evaluate 3 - (4 - 0) - 1.
-2
Calculate 15 + -21 - (-3 + 1).
-4
Evaluate (93 - 88) + -1 + 3.
7
1 + -5 + (6 - 0)
2
What is the value of -2 + -3 + 6 + (-3 - -5)?
3
-7 - ((5 - 10) + 1)
-3
What is the value of 10 - 4 - (15 - (7 - 3))?
-5
Calculate 3 + 2 + 5 + -5.
5
Evaluate -15 - -22 - (12 - 2 - -4).
-7
What is the value of -5 - 